isor of 217146 and 6.
6
What is the greatest common divisor of 438739 and 35?
7
Calculate the greatest common factor of 5117 and 36533.
119
Calculate the greatest common divisor of 15987 and 876.
219
What is the greatest common divisor of 68101 and 4681?
151
What is the greatest common factor of 540 and 297?
27
What is the greatest common factor of 35 and 5905?
5
What is the greatest common divisor of 40 and 3580?
20
Calculate the greatest common divisor of 84 and 919758.
42
What is the greatest common divisor of 535 and 41623?
107
What is the highest common factor of 48457 and 329?
47
What is the greatest common factor of 40825 and 9869?
71
Calculate the greatest common factor of 146745 and 18.
9
Calculate the greatest common factor of 15 and 138585.
15
What is the highest common factor of 16375 and 70?
5
What is the highest common divisor of 118632 and 40?
8
Calculate the greatest common factor of 40 and 22312.
8
What is the highest common factor of 367 and 4187837?
367
Calculate the greatest common divisor of 7247218 and 22.
22
What is the greatest common factor of 23345 and 92713?
667
What is the greatest common factor of 2760 and 1587?
69
Calculate the highest common divisor of 12645 and 45.
45
Calculate the greatest common divisor of 4968 and 756.
108
Calculate the highest common factor of 436 and 324820.
436
Calculate the highest common divisor of 352 and 124256.
352
Calculate the highest common factor of 2629 and 187.
11
What is the greatest common divisor of 20734 and 14?
14
Calculate the greatest common factor of 3332 and 4454.
34
What is the highest common divisor of 39153 and 124?
31
Calculate the greatest common divisor of 567 and 12124.
7
What is the highest common factor of 9630 and 342?
18
What is the highest common divisor of 8448 and 25392?
48
What is the highest common factor of 48 and 43404?
12
Calculate the highest common factor of 18 and 34002.
18
What is the highest common divisor of 1155089 and 299?
13
Calculate the highest common factor of 59968 and 1088.
64
Calculate the greatest common divisor of 402 and 445282.
134
Calculate the greatest common factor of 2408 and 2709.
301
Calculate the greatest common divisor of 8575 and 6025.
25
What is the greatest common divisor of 1273 and 10621?
19
Calculate the greatest common factor of 741751 and 6884.
1721
What is the greatest common factor of 246516 and 30?
6
What is the highest common factor of 7 and 11249?
7
Calculate the highest common divisor of 1040 and 95420.
260
Calculate the greatest common factor of 200798 and 26.
26
What is the greatest common divisor of 690 and 601220?
230
Calculate the highest common divisor of 272547 and 27.
9
What is the greatest common factor of 96 and 7176?
24
Calculate the greatest common factor of 7056 and 2890608.
2352
Calculate the highest common factor of 798 and 1045.
19
What is the greatest common factor of 9 and 3326040?
9
Calculate the greatest common divisor of 50 and 17160.
10
Calculate the greatest common divisor of 204 and 436296.
12
What is the greatest common divisor of 242 and 825341?
121
Calculate the greatest common factor of 92 and 22954.
46
What is the greatest common divisor of 334 and 23714?
334
Calculate the greatest common divisor of 95 and 31835.
5
What is the highest common divisor of 404742 and 273?
39
What is the greatest common factor of 1951496 and 332?
332
What is the greatest common factor of 30312 and 14314?
842
Calculate the greatest common divisor of 54 and 4756725.
27
Calculate the greatest common divisor of 6890 and 1170.
130
What is the greatest common divisor of 1060 and 83528?
212
Calculate the greatest common factor of 3105 and 4623.
69
Calculate the greatest common factor of 21732 and 42.
6
What is the greatest common factor of 1351 and 874097?
1351
Calculate the highest common divisor of 3460 and 430.
10
Calculate the greatest common divisor of 227650 and 785.
785
Calculate the greatest common divisor of 135978 and 3806.
346
What is the greatest common divisor of 13 and 2768974?
13
What is the greatest common divisor of 66645 and 1125?
45
What is the highest common divisor of 16 and 4130768?
16
What is the highest common divisor of 526 and 78?
2
What is the greatest common divisor of 3105 and 2645?
115
What is the greatest common factor of 996 and 2148?
12
What is the highest common factor of 12025 and 44525?
325
Calculate the greatest common divisor of 66 and 97152.
66
What is the greatest common factor of 7904 and 13433?
19
What is the greatest common divisor of 346 and 412778?
346
Calculate the greatest common divisor of 1016 and 5904484.
508
What is the greatest common factor of 2302407 and 9?
9
Calculate the greatest common divisor of 128 and 2852.
4
Calculate the highest common factor of 7801570 and 826.
826
Calculate the highest common factor of 117455 and 65.
65
Calculate the greatest common factor of 352072 and 168.
56
What is the highest common factor of 48655 and 4625?
185
Calculate the greatest common divisor of 1496 and 1740936.
136
What is the highest common divisor of 1526 and 41923?
7
Calculate the highest common divisor of 4940166 and 148.
74
What is the greatest common factor of 210 and 1533210?
210
What is the highest common divisor of 13076 and 28?
28
What is the greatest common factor of 303 and 570953?
101
Calculate the highest common factor of 81 and 3407697.
27
Calculate the highest common factor of 2919 and 1586963.
973
Calculate the highest common factor of 624200 and 48.
8
Calculate the greatest common factor of 2600 and 35800.
200
What is the greatest common factor of 7932 and 118?
2
What is the greatest common divisor of 108 and 71154?
18
What is the greatest common factor of 64889 and 1496?
187
Calculate the highest common divisor of 1521 and 1014.
507
What is the greatest common factor of 372 and 15748?
124
What is the greatest common divisor of 120 and 171560?
40
What is the greatest common factor of 69 and 159?
3
Calculate the greatest common divisor of 1629960 and 4230.
1410
Calculate the highest common divisor of 576 and 258336.
288
Calculate the greatest common factor of 7569 and 1.
1
Calculate the highest common factor of 5104 and 1936.
176
What is the greatest common divisor of 1080 and 118?
2
What is the highest common divisor of 167303 and 879?
293
Calculate the highest common divisor of 264546 and 4757.
71
What is the greatest common factor of 98 and 19670?
14
What is the highest common factor of 103818 and 702?
78
Calculate the greatest common factor of 3445 and 3601.
13
Calculate the highest common factor of 287 and 315.
7
What is the highest common divisor of 1259423 and 33?
11
Calculate the highest common divisor of 1061608 and 64.
8
Calculate the greatest common factor of 30827 and 9567.
1063
What is the highest common divisor of 22 and 658966?
22
Calculate the greatest common factor of 1463371 and 39.
13
Calculate the greatest common factor of 7516 and 132.
4
Calculate the highest common divisor of 15035 and 310.
155
What is the greatest common divisor of 10857 and 3290?
329
What is the highest common divisor of 1656480 and 80?
80
What is the greatest common factor of 67790 and 90?
10
What is the greatest common divisor of 1239564 and 1590?
318
Calculate the greatest common divisor of 4164 and 1788.
12
Calculate the highest common divisor of 14868 and 1428.
84
What is the greatest common divisor of 129 and 268449?
129
Calculate the highest common divisor of 76272 and 22596.
84
Calculate the greatest common factor of 24849 and 1255.
251
What is the greatest common divisor of 172 and 1469998?
86
Calculate the greatest common factor of 252 and 56574.
126
What is the greatest common factor of 550869 and 66?
33
Calculate the greatest common factor of 25 and 381025.
25
What is the greatest common factor of 620620 and 31?
31
What is the highest common divisor of 28 and 785932?
28
Calculate the greatest common factor of 32984 and 608.
152
Calculate the highest common factor of 1897 and 898636.
271
Calculate the greatest common factor of 56 and 568638.
14
What is the greatest common factor of 23 and 344494?
23
What is the highest common factor of 843 and 172253?
281
Calculate the greatest common factor of 600 and 8736.
24
Calculate the greatest common fact